{"id":6820,"date":"2023-02-15T15:17:15","date_gmt":"2023-02-15T14:17:15","guid":{"rendered":"http:\/\/www.pedersenfreunde.de\/?page_id=6820"},"modified":"2023-02-15T15:21:05","modified_gmt":"2023-02-15T14:21:05","slug":"pedersen-angebot-n-3-tandem-aus-copenhagen-produktion","status":"publish","type":"page","link":"http:\/\/www.pedersenfreunde.de\/?page_id=6820","title":{"rendered":"Pedersen Angebot N\u00b0 3: Tandem aus Copenhagen Produktion"},"content":{"rendered":"\n<p>Michael K\u00fcpper aus D\u00fcsseldorf m\u00f6chte sich von seinem Copenhagen Tandem trennen, das von Jesper und Kalle Kalkhoff f\u00fcr ihn angepasst wurde.<\/p>\n\n\n\n<p>Das Tandem hat ein XL Format und ist ausgestattet mit Magura Hydraulik Bremsen, Rohloff Nabe HUB 500\/14, Nabendynamo, Schwalbe Marathon plus Reifen, vier Trinkflaschenhalterungen, Lowrider vorn und hinten, zwei fast neue Ortlieb Packtaschen, schwarz\/violette Kotsch\u00fctzer (Kunststoff), Leders\u00e4ttel vorn und hinten sowie Lenkergriffe (vierfach) in honiggelb.<\/p>\n\n\n\n<p>Das Rad wurde ca. 2.500 km gefahren.<br>Preis: VH<\/p>\n\n\n\n<p>Zu erreichen unter: mkausd@gmx.de  oder  MKuepper@msxi.com<br>Telefon 0151\/  5 44 28 42 9<br>Das Tandem steht in: Auf der B\u00f6ck 14 c, 40221 D\u00fcsseldorf<\/p>\n\n\n\n<p>Bilder:<\/p>\n\n\n\n<figure class=\"wp-block-image size-large\"><img loading=\"lazy\" decoding=\"async\" width=\"1024\" height=\"462\" src=\"http:\/\/www.pedersenfreunde.de\/wp-content\/uploads\/2023\/02\/20220724_185150-1024x462.jpg\" alt=\"\" class=\"wp-image-6823\" srcset=\"http:\/\/www.pedersenfreunde.de\/wp-content\/uploads\/2023\/02\/20220724_185150-1024x462.jpg 1024w, http:\/\/www.pedersenfreunde.de\/wp-content\/uploads\/2023\/02\/20220724_185150-300x135.jpg 300w, http:\/\/www.pedersenfreunde.de\/wp-content\/uploads\/2023\/02\/20220724_185150-768x346.jpg 768w, http:\/\/www.pedersenfreunde.de\/wp-content\/uploads\/2023\/02\/20220724_185150-1536x692.jpg 1536w, http:\/\/www.pedersenfreunde.de\/wp-content\/uploads\/2023\/02\/20220724_185150-2048x923.jpg 2048w\" sizes=\"auto, (max-width: 1024px) 100vw, 1024px\" \/><\/figure>\n\n\n<div class=\"wp-block-image\">\n<figure class=\"aligncenter size-medium\"><img loading=\"lazy\" decoding=\"async\" width=\"300\" height=\"135\" src=\"http:\/\/www.pedersenfreunde.de\/wp-content\/uploads\/2023\/02\/20220724_185158-300x135.jpg\" alt=\"\" class=\"wp-image-6824\" srcset=\"http:\/\/www.pedersenfreunde.de\/wp-content\/uploads\/2023\/02\/20220724_185158-300x135.jpg 300w, http:\/\/www.pedersenfreunde.de\/wp-content\/uploads\/2023\/02\/20220724_185158-1024x461.jpg 1024w, http:\/\/www.pedersenfreunde.de\/wp-content\/uploads\/2023\/02\/20220724_185158-768x346.jpg 768w, http:\/\/www.pedersenfreunde.de\/wp-content\/uploads\/2023\/02\/20220724_185158-1536x691.jpg 1536w, http:\/\/www.pedersenfreunde.de\/wp-content\/uploads\/2023\/02\/20220724_185158-2048x922.jpg 2048w\" sizes=\"auto, (max-width: 300px) 100vw, 300px\" \/><\/figure>\n<\/div>","protected":false},"excerpt":{"rendered":"<p>Michael K\u00fcpper aus D\u00fcsseldorf m\u00f6chte sich von seinem Copenhagen Tandem trennen, das von Jesper und Kalle Kalkhoff f\u00fcr ihn angepasst wurde. Das Tandem hat ein XL Format und ist ausgestattet mit Magura Hydraulik Bremsen, Rohloff Nabe HUB 500\/14, Nabendynamo, Schwalbe Marathon plus Reifen, vier Trinkflaschenhalterungen, Lowrider vorn und hinten, zwei fast neue Ortlieb Packtaschen, schwarz\/violette &hellip; <a href=\"http:\/\/www.pedersenfreunde.de\/?page_id=6820\" class=\"more-link\"><span class=\"screen-reader-text\">Pedersen Angebot N\u00b0 3: Tandem aus Copenhagen Produktion<\/span> weiterlesen<\/a><\/p>\n","protected":false},"author":1,"featured_media":0,"parent":172,"menu_order":3,"comment_status":"closed","ping_status":"closed","template":"","meta":{"footnotes":""},"class_list":["post-6820","page","type-page","status-publish","hentry"],"_links":{"self":[{"href":"http:\/\/www.pedersenfreunde.de\/index.php?rest_route=\/wp\/v2\/pages\/6820","targetHints":{"allow":["GET"]}}],"collection":[{"href":"http:\/\/www.pedersenfreunde.de\/index.php?rest_route=\/wp\/v2\/pages"}],"about":[{"href":"http:\/\/www.pedersenfreunde.de\/index.php?rest_route=\/wp\/v2\/types\/page"}],"author":[{"embeddable":true,"href":"http:\/\/www.pedersenfreunde.de\/index.php?rest_route=\/wp\/v2\/users\/1"}],"replies":[{"embeddable":true,"href":"http:\/\/www.pedersenfreunde.de\/index.php?rest_route=%2Fwp%2Fv2%2Fcomments&post=6820"}],"version-history":[{"count":5,"href":"http:\/\/www.pedersenfreunde.de\/index.php?rest_route=\/wp\/v2\/pages\/6820\/revisions"}],"predecessor-version":[{"id":6828,"href":"http:\/\/www.pedersenfreunde.de\/index.php?rest_route=\/wp\/v2\/pages\/6820\/revisions\/6828"}],"up":[{"embeddable":true,"href":"http:\/\/www.pedersenfreunde.de\/index.php?rest_route=\/wp\/v2\/pages\/172"}],"wp:attachment":[{"href":"http:\/\/www.pedersenfreunde.de\/index.php?rest_route=%2Fwp%2Fv2%2Fmedia&parent=6820"}],"curies":[{"name":"wp","href":"https:\/\/api.w.org\/{rel}","templated":true}]}}